f 10?
True
Is 32 a factor of 1842?
False
Is 10 a factor of 51850?
True
Does 4 divide 359?
False
Does 6 divide 576?
True
Is 19 a multiple of 2?
False
Is 1641 a multiple of 44?
False
Does 390 divide 91393?
False
Is 21 a factor of 819?
True
Is 3176 a multiple of 41?
False
Does 18 divide 19008?
True
Is 48 a factor of 3206?
False
Is 11234 a multiple of 82?
True
Is 468 a multiple of 52?
True
Is 16 a factor of 1916?
False
Does 21 divide 111911?
False
Is 986 a multiple of 29?
True
Is 91262 a multiple of 14?
False
Is 2001 a multiple of 87?
True
Does 233 divide 14446?
True
Is 18 a factor of 936?
True
Is 270 a multiple of 6?
True
Does 4 divide 24696?
True
Is 94329 a multiple of 141?
True
Is 103 a multiple of 103?
True
Is 7 a factor of 616?
True
Is 127808 a multiple of 64?
True
Does 57 divide 2839?
False
Does 60 divide 3352?
False
Does 2 divide 1363?
False
Is 4191 a multiple of 36?
False
Does 6 divide 380?
False
Is 13 a factor of 8950?
False
Is 53 a factor of 911?
False
Is 104652 a multiple of 171?
True
Is 12 a factor of 474?
False
Is 333 a multiple of 12?
False
Is 176 a multiple of 4?
True
Does 67 divide 26264?
True
Is 10 a factor of 1716?
False
Is 42851 a multiple of 22?
False
Is 29 a factor of 667?
True
Is 576 a multiple of 3?
True
Is 23200 a multiple of 58?
True
Is 16 a factor of 2334?
False
Is 3510 a multiple of 5?
True
Does 82 divide 11973?
False
Is 36742 a multiple of 42?
False
Is 6040 a multiple of 90?
False
Is 5704 a multiple of 17?
False
Is 148 a factor of 28546?
False
Is 30 a factor of 8279?
False
Does 5 divide 1160?
True
Is 294 a multiple of 14?
True
Is 41514 a multiple of 6?
True
Does 9 divide 2151?
True
Is 1192 a multiple of 3?
False
Is 230 a multiple of 15?
False
Is 435 a multiple of 8?
False
Is 7 a factor of 8138?
False
Is 25 a factor of 3300?
True
Is 15 a factor of 105?
True
Is 7 a factor of 2947?
True
Does 7 divide 2900?
False
Is 27 a factor of 103?
False
Is 18 a multiple of 3?
True
Does 9 divide 2250?
True
Is 70 a factor of 197?
False
Is 13 a factor of 48708?
False
Does 57 divide 1482?
True
Is 2 a factor of 1308?
True
Is 27 a multiple of 13?
False
Does 20 divide 598?
False
Is 31805 a multiple of 279?
False
Does 7 divide 1893?
False
Is 63 a factor of 6111?
True
Is 14 a factor of 49868?
True
Does 62 divide 3720?
True
Is 3 a factor of 987?
True
Does 13 divide 486?
False
Does 51 divide 816?
True
Is 3544 a multiple of 4?
True
Does 84 divide 30927?
False
Is 98 a factor of 20237?
False
Is 7 a factor of 714?
True
Does 11 divide 214?
False
Is 22293 a multiple of 15?
False
Is 3456 a multiple of 15?
False
Is 14 a factor of 536?
False
Does 3 divide 27?
True
Is 18732 a multiple of 12?
True
Is 245 a factor of 17033?
False
Is 4865 a multiple of 27?
False
Does 66 divide 9570?
True
Is 7 a factor of 56?
True
Is 37 a factor of 1845?
False
Is 322 a multiple of 5?
False
Is 5 a factor of 384?
False
Does 62 divide 248?
True
Is 2701 a multiple of 94?
False
Does 47 divide 1913?
False
Does 15 divide 22620?
True
Does 6 divide 192?
True
Is 4740 a multiple of 15?
True
Is 41560 a multiple of 40?
True
Does 4 divide 1220?
True
Does 2 divide 101?
False
Is 20 a factor of 22094?
False
Is 3 a factor of 580?
False
Is 644 a multiple of 85?
False
Does 9 divide 21254?
False
Is 11 a factor of 7104?
False
Is 10512 a multiple of 219?
True
Is 172 a multiple of 86?
True
Does 12 divide 2456?
False
Is 330 a multiple of 68?
False
Is 68 a factor of 2992?
True
Is 15 a factor of 9000?
True
Does 114 divide 3876?
True
Is 860 a multiple of 25?
False
Is 1042 a multiple of 29?
False
Does 106 divide 3282?
False
Does 11 divide 12782?
True
Is 1209 a multiple of 13?
True
Is 4 a factor of 214?
False
Is 11 a factor of 323?
False
Is 4 a factor of 14436?
True
Is 52 a factor of 35739?
False
Is 26 a factor of 208?
True
Is 4 a factor of 384?
True
Is 11062 a multiple of 42?
False
Is 19860 a multiple of 12?
True
Is 48591 a multiple of 139?
False
Is 41 a factor of 23338?
False
Is 81 a factor of 3645?
True
Is 875 a multiple of 25?
True
Is 52 a factor of 1161?
False
Is 15 a factor of 21525?
True
Is 7668 a multiple of 12?
True
Is 60669 a multiple of 21?
True
Is 50 a factor of 112?
False
Is 15 a factor of 64290?
True
Is 7441 a multiple of 6?
False
Is 14110 a multiple of 34?
True
Is 651 a multiple of 16?
False
Is 5 a factor of 775?
True
Does 45 divide 1620?
True
Is 6 a factor of 8524?
False
Is 30350 a multiple of 253?
False
Is 175 a multiple of 20?
False
Does 59 divide 122543?
True
Is 74 a factor of 4440?
True
Does 35 divide 14945?
True
Is 3120 a multiple of 12?
True
Is 548 a multiple of 25?
False
Does 5 divide 674?
False
Is 13 a factor of 2548?
True
Is 12 a factor of 468?
True
Is 214 a factor of 10094?
False
Is 47 a factor of 18334?
False
Does 54 divide 1331?
False
Does 6 divide 3894?
True
Does 21 divide 61362?
True
Is 17759 a multiple of 6?
False
Does 34 divide 9146?
True
Does 3 divide 192?
True
Does 4 divide 5507?
False
Is 16 a factor of 27398?
False
Is 505 a multiple of 54?
False
Is 687 a multiple of 7?
False
Is 3000 a multiple of 30?
True
Is 23 a factor of 113?
False
Is 7518 a multiple of 14?
True
Does 129 divide 9030?
True
Does 28 divide 924?
True
Is 23 a factor of 17779?
True
Does 18 divide 652?
False
Does 36 divide 18992?
False
Is 20 a factor of 1420?
True
Is 49 a factor of 74823?
True
Is 181 a factor of 13252?
False
Does 47 divide 32542?
False
Is 5 a factor of 2637?
False
Is 1616 a multiple of 76?
False
Is 953 a multiple of 14?
False
Does 4 divide 394?
False
Is 14674 a multiple of 46?
True
Is 5166 a multiple of 14?
True
Is 869 a multiple of 7?
False
Does 48 divide 5567?
False
Is 11 a factor of 1008?
False
Is 3276 a multiple of 59?
False
Is 2610 a multiple of 45?
True
Is 8 a factor of 967?
False
Is 4302 a multiple of 3?
True
Is 11 a factor of 177?
False
Is 1320 a multiple of 20?
True
Is 4437 a multiple of 22?
False
Does 114 divide 8082?
False
Does 23 divide 584?
False
Is 133 a multiple of 54?
False
Is 3 a factor of 11132?
False
Is 161 a factor of 19253?
False
Is 37964 a multiple of 21?
False
Does 16 divide 352?
True
Is 33 a factor of 1960?
False
Is 73 a factor of 11894?
False
Does 9 divide 7524?
True
Does 50 divide 25750?
True
Does 228 divide 27588?
True
Is 17 a factor of 32997?
True
Is 16436 a multiple of 37?
False
Is 2319 a multiple of 9?
False
Is 184 a factor of 11615?
False
Does 66 divide 20271?
False
Does 3 divide 119?
False
Is 920 a multiple of 8?
True
Is 5 a factor of 576?
False
Does 63 divide 252?
True
Is 20 a factor of 400?
True
Is 19 a factor of 4826?
True
Is 353 a multiple of 2?
False
Is 89 a factor of 43494?
False
Is 82 a multiple of 4?
False
Is 24 a factor of 2688?
True
Is 51608 a multiple of 12?
False
Is 493 a factor of 14478?
False
Is 11737 a multiple of 97?
True
Does 4 divide 15028?
True
Is 14 a factor of 499?
False
Is 52 a factor of 780?
True
Does 8 divide 2088?
True
Does 110 divide 13797?
False
Is 18 a factor of 504?
True
Is 8690 a multiple of 55?
True
Is 7120 a multiple of 89?
True
Does 7 divide 28055?
False
Does 65 divide 1935?
False
Is 13711 a multiple of 22?
False
Is 8 a factor of 192?
True
Is 990 a multiple of 10?
True
Is 145 a factor of 54497?
False
Is 53343 a multiple of 9?
True
Does 13 divide 701?
False
Is 4992 a multiple of 7?
False
Is 5425 a multiple of 25?
True
Is 14 a factor of 327?
False
Is 32 a factor of 1664?
True
Is 1161 a multiple of 8?
False
Does 16 divide 1188?
False
Is 103 a factor of 31003?
True
Does 7 divide 109?
False
Is 5 a factor of 203?
False
Is 10 a factor of 3290?
True
Does 13 divide 60031?
False
Does 10 divide 2640?
True
Does 14 divide 37674?
True
Is 14 a factor of 41986?
True
Does 11 divide 336?
False
Is 22 a factor of 54912?
True
Is 88 a factor of 1760?
True
Is 6916 a multiple of 91?
True
Is 1516 a multiple of 28?
False
Is 111 a multiple of 4?
False
Is 20 a factor of 8060?
True
Is 62 a factor of 4278?
True
Is 6 a factor of 186?
True
Is 3 a factor of 327?
True
Is 44 a multiple of 44?
True
Does 36 divide 81047?
False
Does 11 divide 1038?
False
Does 7 divide 24126?
False
Is 12 a factor of 14940?
True
Is 10 a factor of 20738?
False
Is 9687 a multiple of 14?
False
Does 6 divide 304?
False
Is 33 a factor of 3986?
False
Is 9119 a multiple of 11?
True
Does 10 divide 21413?
False
Is 182 a factor of 53872?
True
Does 88 divide 4041?
False
Does 29 divide 25302?